2*p**3 + 24*p**2 - 2*p - 24. Let f be c(-12). Let i = -13 + 16. Suppose -3*s + 7*s + 2*l - 598 = f, l = i. What is the hundreds digit of s?
1
Suppose 0 = -2*u + 6*w - 2*w - 10, -3*w = -4*u - 30. What is the hundreds digit of 48/u*2403/(-36)?
3
Let q = 79 + -75. Suppose -4*i = q*c - 409 - 1471, -3*c = -i - 1414. What is the tens digit of c?
7
Suppose -4*z = 2*f - 21306, -3*z + 26052 = -2*f + 10076. Suppose -11*k + 779 = -z. What is the units digit of k?
5
Suppose -q - 2*q = 9, -4*f - 2*q + 58 = 0. Let i = f + -31. Let s(t) = -t**3 - 15*t**2 - t - 11. What is the units digit of s(i)?
4
Let u = 37 + -34. Suppose 5*d + 2*r + 164 = 0, -d + u*d - 2*r + 60 = 0. Let w = d - -69. What is the tens digit of w?
3
Suppose 3*w + 34 = w - 4*v, -4*w - v - 103 = 0. What is the hundreds digit of (-1278)/w*30 + -7?
4
Let i be 3 + (-145)/45 - 4216/(-18). Suppose -o + 1758 = 3*s, s - 2*o - i = 352. What is the tens digit of s?
8
Let k be 42/63*(-1671)/(-2). Suppose -5*j + 413 = -k. What is the units digit of j?
4
What is the hundreds digit of ((-39)/2 - 204/(-34))*-916?
3
Let c be (-3)/(4 - 3) - -3. Suppose f + f = c. What is the units digit of 88 + 0 + (f - 3)?
5
Let a(s) = 216*s**2 + 77*s + 40. What is the units digit of a(-8)?
8
Let u = 41 + -38. Suppose u*w = 4*p - 0*p + 833, p = 3*w - 197. What is the hundreds digit of (p/12)/((-4)/36)?
1
Let o(y) = 2*y + 18. Let v be 6*(-5 - 8/(-2)). Let m be o(v). What is the tens digit of m/(-27) - (-400)/18?
2
Suppose 140 = -8*w - 220. Let z = w - -200. Let l = z - 65. What is the tens digit of l?
9
Let f(w) = -w + 16. Let g be f(0). What is the hundreds digit of ((-906)/(-4))/((60/g)/5)?
3
What is the units digit of 10*(-16)/80 - -1009?
7
Let c = -13719 + 14696. What is the tens digit of c?
7
Suppose -o = 3*o - 4*y - 4, 0 = 5*o + 5*y - 55. Let l = -409 + 780. Suppose -3*s + s = -o, s - l = -2*w. What is the tens digit of w?
8
Suppose 7*x - 22 = -15*x. What is the hundreds digit of 1/(x/3305*5)?
6
Let c(u) = u**3 + 13*u**2 + 20*u + 12. Suppose 0 = 17*w - 21*w - 32. What is the hundreds digit of c(w)?
1
Let p(c) = 24*c**2 + 6*c - 5. Let q be p(-9). Suppose 2*d - q = -5*h, 189 = h - d - 181. Suppose 2*f + h = 7*f. What is the units digit of f?
5
Suppose -21*h - 4386 = -18*h + 3*v, 0 = 2*h - 3*v + 2944. Let q = h + 2278. What is the units digit of q?
2
Suppose -24547 = 8*h - 141651. What is the ten thousands digit of h?
1
Let v(d) = 48*d**2 - 381*d + 1551. What is the units digit of v(4)?
5
Let b = 45403 - 27099. What is the ten thousands digit of b?
1
Let n(w) be the third derivative of 7*w**4/4 - 2*w**3 + 11*w**2. Let g(y) = -y + 29. Let o be g(25). What is the hundreds digit of n(o)?
1
Let o(x) = x**3 + 17*x**2 + 15*x - 19. Let b be o(-16). Let p be (-1 + 22)*(-40)/(-12)*b. Let u = 11 - p. What is the units digit of u?
1
Let l = -14327 - -28614. What is the tens digit of l?
8
Let w = -202 + 279. Suppose -11179 = 70*u - w*u. What is the thousands digit of u?
1
Let t(q) = -12*q**2 - 5*q + 12. Let m(p) = 23*p**2 + 11*p - 24. Let c(x) = 6*m(x) + 11*t(x). What is the hundreds digit of c(7)?
3
Suppose -35 = -5*t + 5*m, 4*t = 8*t + 3*m - 7. Suppose -38 = -3*f + i, -t = -2*f - i + 13. Suppose f*y - 3426 + 1039 = 0. What is the units digit of y?
7
Suppose -27*j = 6*j + 231. What is the thousands digit of 1906 - (j - (-3 - 2))?
1
Suppose -923 = j - 925 - 17882. What is the tens digit of j?
8
Suppose 11683*n = 11705*n - 1452044. What is the ten thousands digit of n?
6
Suppose -4*l = 5*i - 64983, 2*l + 4*i - 32479 = -i. What is the tens digit of l?
5
Let w(t) = -9088*t - 2091. What is the ten thousands digit of w(-4)?
3
Let l = -10656 + 18533. What is the hundreds digit of l?
8
Suppose 0 = -8*q - 6351 + 101895. What is the ten thousands digit of q?
1
Let j(l) = 1137*l**2 - 1. Let i = -755 - -756. What is the units digit of j(i)?
6
Suppose -2*t + 98422 = 4*o, 7*t + 8*t + 5*o - 738340 = 0. What is the units digit of t?
5
Let h be 91/(-26)*(-1 - -13). What is the tens digit of 4740/24*h/(-15)?
5
Let u = 339 + -339. Suppose 0 = -c - 5*a + 188, -2*c + 4*a + 188 + 118 = u. What is the units digit of c?
3
Suppose -3*p - 15 = 0, -4*p = 5*f - 7 - 4398. Let w = f - 679. What is the tens digit of w?
0
What is the hundreds digit of 165 + -174 + -8*(-23307)/6?
0
Let x be 14765718/297 - 2/9. What is the hundreds digit of x/99 - (-6)/(-33)?
5
Suppose -6*z - 13*z + 130620 = -5*z. What is the units digit of z?
0
Suppose 5*p - 18909 = -6*l + 2*l, -4722 = -l + 4*p. What is the thousands digit of l?
4
Let q be (-3 - -5)*(-348)/(-2). Let d = 149 + q. What is the tens digit of d?
9
Let u(m) = 2*m**2 + 34*m + 4. Let z be u(-17). Suppose d = z*d - 2220. What is the hundreds digit of d?
7
Suppose 3*b + 6 = -0. Let f be 3/(-6) - (-55)/b. What is the units digit of (2 + -3)/(2/f)?
4
Let o(s) = -24*s - 58. Let j = -256 - -240. What is the units digit of o(j)?
6
Let a(r) = 3*r**3 - 20*r**2 + r - 16. Let x = 351 + -343. What is the hundreds digit of a(x)?
2
Let i(o) = -o**2 + 7*o - 2. Let h be i(6). Let b = h - 2. What is the tens digit of b/5 - 2541/(-35)?
7
What is the units digit of (-1958418)/(-144) - (-9)/(-72)?
0
Let k = 129741 - 83349. What is the hundreds digit of k?
3
Let u be (13/(-1))/(6/210). Let t = u + 757. What is the tens digit of t?
0
Let n = 97120 + -64826. What is the thousands digit of n?
2
Suppose -4*m - 4*f + 5 - 1 = 0, -3*m = -4*f - 24. Suppose -5*q + 3138 = m*z, 9*q = 13*q - 5*z - 2494. What is the tens digit of q?
2
Suppose 17*g - 76 = 77. Let h(c) = c**3 - c**2 - c - 1. Let d(y) = -5*y**3 - 3*y**2 + 6*y + 23. Let v(m) = d(m) + 6*h(m). What is the units digit of v(g)?
7
Suppose -5*q + 0*q - 3*i = -26, -3*i - 14 = -5*q. Suppose c = -4*l - c + 740, 3*c + 730 = q*l. Suppose 0 = -4*n + l - 0. What is the units digit of n?
6
Suppose 27*x = 4*z + 22*x + 773, 4*z = x - 769. What is the units digit of z/(-12) - (3 + 0)?
3
Let p be (-3 - 7/(-2))*14. Suppose -19*a + 60 = -p*a. Suppose 0 = -3*w - y + 4*y + 669, 1133 = a*w + 4*y. What is the hundreds digit of w?
2
Let p(v) = v**3 - 15*v**2 - v + 30. Let q be p(15). What is the units digit of ((-5)/(q/1018))/(4/(-6))?
9
Let m(h) = -767*h - 947. What is the thousands digit of m(-6)?
3
Let i be 3/6*-10 + -7. What is the units digit of 546/i*(-8)/7?
2
Let r = -4694 + 26466. What is the hundreds digit of r?
7
Let b = -15 + 1. Let o(g) = -g**3 - 14*g**2 - 8*g - 16. Let x be o(b). Let u = -60 + x. What is the tens digit of u?
3
Let j(r) = 2*r**3 + 8*r**2 + 5*r - 2. Let v be j(-5). Let a = -53 - v. Suppose -109 = -5*f - a. What is the tens digit of f?
1
Suppose 5*g + 4*z = 11675, 0 = g - 103*z + 105*z - 2329. What is the tens digit of g?
3
Let r = -40 + 43. Suppose -176 = -4*v + 2*i, -r*i = -2*v + 6*v - 196. What is the units digit of v?
6
Suppose 24 = 4*u + h + 3, 3*h - 11 = u. Suppose 18*y - 769 = -u*t + 19*y, -5*y = 5. What is the hundreds digit of t?
1
Suppose 0 = -z - 4*k - k - 18, -3*k - 1 = 2*z. Let i(s) = z + 2*s + 5 - 1 - 4*s + s**2. What is the units digit of i(-4)?
5
Let a(t) = 4*t + 93. Let v be a(-23). What is the units digit of v*(-357)/3*(-2 - -1)?
9
Let b = 7738 - 7756. Let n(z) = -z**2 - z - 24. Let a(l) = l**2 + 2*l + 25. Let k(v) = 4*a(v) + 3*n(v). What is the tens digit of k(b)?
6
Suppose -12*z = -40475 + 1487. What is the hundreds digit of z?
2
Let q = -2038 - -4813. What is the units digit of q?
5
Let g = 991 - 2047. Let q = 1592 + g. What is the hundreds digit of q?
5
Let o = 650 - -16785. What is the hundreds digit of o?
4
Let v = -32 - -54. Suppose -44 = -2*b - 3*m, 1 + 3 = b - 3*m. Let w = v - b. What is the units digit of w?
6
Suppose -25*o - 562798 = -75*o + 167152. What is the ten thousands digit of o?
1
Let r(a) = 230*a**3 - a**2 + 7*a - 7. Let c be r(3). What is the hundreds digit of (-3)/(-7) + c/35?
1
Let z = -27 - -30. Let i(w) = 2*w + 12 - 6 + z*w - 3*w**2 + w**3 + 0*w**2. What is the units digit of i(5)?
1
What is the units digit of 21670 + 35 + -18 - (-6)/(-2)?
4
Let g be (66/55)/(6/15). Suppose g*t + 1114 = 2*i, 2*i - 2*t - 1102 = -5*t. What is the hundreds digit of i?
5
Suppose 48*r - 47*r + 3783 = 2*p, 5*p + 2*r = 9471. What is the units digit of p?
3
Let x(g) = -6*g**2 - 8*g + 34. Let c be x(-11). Let a = 1008 + c. What is the units digit of a?
4
Let t(a) = -12*a